digit of 664545?
5
What is the tens digit of 1207934?
3
What is the millions digit of 2243711?
2
What is the thousands digit of 221101?
1
What is the ten millions digit of 20954359?
2
What is the millions digit of 30723842?
0
What is the tens digit of 651569?
6
What is the millions digit of 42185358?
2
What is the millions digit of 6993521?
6
What is the units digit of 319854?
4
What is the hundred thousands digit of 915344?
9
What is the units digit of 481386?
6
What is the units digit of 5774864?
4
What is the units digit of 17525825?
5
What is the thousands digit of 274272?
4
What is the hundreds digit of 5805850?
8
What is the units digit of 577601?
1
What is the units digit of 501418?
8
What is the thousands digit of 4754752?
4
What is the hundred thousands digit of 1766512?
7
What is the hundreds digit of 5051908?
9
What is the tens digit of 6509150?
5
What is the units digit of 355608?
8
What is the hundred thousands digit of 526413?
5
What is the thousands digit of 1105759?
5
What is the units digit of 3659350?
0
What is the tens digit of 3207312?
1
What is the thousands digit of 671861?
1
What is the units digit of 28746278?
8
What is the hundreds digit of 452828?
8
What is the ten thousands digit of 2920407?
2
What is the thousands digit of 191919?
1
What is the millions digit of 1468429?
1
What is the hundreds digit of 676692?
6
What is the thousands digit of 288619?
8
What is the thousands digit of 338945?
8
What is the ten thousands digit of 1698659?
9
What is the hundred thousands digit of 15007973?
0
What is the units digit of 412957?
7
What is the units digit of 58242?
2
What is the hundred thousands digit of 8270437?
2
What is the thousands digit of 580150?
0
What is the tens digit of 167642?
4
What is the ten thousands digit of 882493?
8
What is the ten thousands digit of 418753?
1
What is the thousands digit of 1675754?
5
What is the ten thousands digit of 11132766?
3
What is the ten thousands digit of 436254?
3
What is the millions digit of 6967224?
6
What is the millions digit of 1875623?
1
What is the hundreds digit of 2316291?
2
What is the units digit of 5250082?
2
What is the tens digit of 954?
5
What is the thousands digit of 4037?
4
What is the units digit of 166114?
4
What is the hundreds digit of 311056?
0
What is the thousands digit of 15693913?
3
What is the ten thousands digit of 4528454?
2
What is the units digit of 5251744?
4
What is the ten thousands digit of 15473817?
7
What is the ten thousands digit of 120837?
2
What is the tens digit of 192735?
3
What is the ten millions digit of 23282597?
2
What is the thousands digit of 353122?
3
What is the thousands digit of 2691120?
1
What is the millions digit of 25623159?
5
What is the hundreds digit of 1024667?
6
What is the units digit of 11215962?
2
What is the tens digit of 10834923?
2
What is the millions digit of 2114317?
2
What is the thousands digit of 154398?
4
What is the units digit of 614457?
7
What is the millions digit of 12841629?
2
What is the units digit of 115033?
3
What is the hundreds digit of 759565?
5
What is the hundreds digit of 183042?
0
What is the tens digit of 3154571?
7
What is the millions digit of 6442373?
6
What is the thousands digit of 222914?
2
What is the tens digit of 459310?
1
What is the hundreds digit of 915851?
8
What is the hundred thousands digit of 1402772?
4
What is the hundreds digit of 4544423?
4
What is the hundred thousands digit of 1075683?
0
What is the hundreds digit of 213405?
4
What is the tens digit of 7844081?
8
What is the hundreds digit of 789663?
6
What is the units digit of 2459248?
8
What is the thousands digit of 218710?
8
What is the hundreds digit of 311085?
0
What is the hundreds digit of 537439?
4
What is the ten thousands digit of 42515?
4
What is the hundred thousands digit of 17271820?
2
What is the tens digit of 8856313?
1
What is the units digit of 33703?
3
What is the ten thousands digit of 279131?
7
What is the units digit of 80717?
7
What is the ten thousands digit of 5455643?
5
What is the millions digit of 13662417?
3
What is the units digit of 322155?
5
What is the ten thousands digit of 4056565?
5
What is the thousands digit of 5636751?
6
What is the units digit of 17776514?
4
What is the units digit of 2937471?
1
What is the tens digit of 306136?
3
What is the hundreds digit of 118857?
8
What is the ten thousands digit of 18661776?
6
What is the ten thousands digit of 747375?
4
What is the thousands digit of 1783503?
3
What is the thousands digit of 931405?
1
What is the thousands digit of 7887861?
7
What is the units digit of 7135592?
2
What is the ten thousands digit of 477159?
7
What is the thousands digit of 3910?
3
What is the ten thousands digit of 2281466?
8
What is the tens digit of 90690?
9
What is the units digit of 4059404?
4
What is the ten thousands digit of 15805799?
0
What is the ten thousands digit of 15492317?
9
What is the thousands digit of 371209?
1
What is the ten thousands digit of 463581?
6
What is the hundred thousands digit of 2718723?
7
What is the units digit of 438602?
2
What is the tens digit of 4282719?
1
What is the units digit of 295032?
2
What is the thousands digit of 121025?
1
What is the millions digit of 2229187?
2
What is the ten thousands digit of 3380942?
8
What is the units digit of 3207999?
9
What is the thousands digit of 90986?
0
What is the millions digit of 1217018?
1
What is the units digit of 970688?
8
What is the ten millions digit of 27573527?
2
What is the hundreds digit of 692071?
0
What is the thousands digit of 21754733?
4
What is the ten thousands digit of 5485810?
8
What is the tens digit of 1032145?
4
What is the millions digit of 1749494?
1
What is the thousands digit of 82750?
2
What is the hundred thousands digit of 6098194?
0
What is the hundred thousands digit of 662480?
6
What is the tens digit of 3601711?
1
What is the hundred thousands digit of 129042?
1
What is the units digit of 398927?
7
What is the thousands digit of 14785146?
5
What is the thousands digit of 2320015?
0
What is the ten thousands digit of 16258?
1
What is the ten thousands digit of 223786?
2
What is the units digit of 283915?
5
What is the units digit of 6191091?
1
What is the hundred thousands digit of 16230149?
2
What is the units digit of 242054?
4
What is the ten thousands digit of 407897?
0
What is the millions digit of 4053595?
4
What is the ten thousands digit of 946131?
4
What is the hundred thousands digit of 220620?
2
What is the ten thousands digit of 164007?
6
What is the hundreds digit of 1206075?
0
What is the hundred thousands digit of 6442689?
4
What is the tens digit of 3616896?
9
What is the tens digit of 7130733?
3
What is the ten thousands digit of 1887967?
8
What is the hundred thousands digit of 2519313?
5
What is the tens digit of 332158?
5
What is the tens digit of 3041611?
1
What is the hundred thousands digit of 391404?
3
What is the units digit of 8113094?
4
What is the thousands digit of 429729?
9
What is the thousands digit of 251322?
1
What is the millions digit of 10187736?
0
What is the millions digit of 11956702?
1
What is the thousands digit of 3620730?
0
What is the thousands digit of 2153531?
3
What is the thousands digit of 60550?
0
What is the hundred thousands digit of 9665680?
6
What is the hundreds digit of 771056?
0
What is the millions digit of 2971351?
2
What is the hundred thousands digit of 1772206?
7
What is the units digit of 23121837?
7
What is the millions digit of 15188235?
5
What is the thousands digit of 15452?
5
What is the units digit of 3136?
6
What is the units digit of 366?
6
What is the thousands digit of 171052?
1
What is the units digit of 1040428?
8
What is the hundreds digit of 647246?
2
What is the thousands digit of 26838202?
8
What is the millions digit of 2342684?
2
What is the hundreds digit of 1156401?
4
What is the hundreds digit of 274441?
4
What is the units digit of 535869?
9
What is the thousands digit of 178920?
8
What is the ten thousands digit of 13254563?
5
What is the hundreds digit of 8917634?
6
What is the units digit of 13876?
6
What is the hundred thousands digit of 1121429?
1
What is the tens digit of 10089374?
7
What is the ten thousands digit of 21402?
2
What is th